{"id":367,"date":"2024-03-15T22:35:36","date_gmt":"2024-03-15T22:35:36","guid":{"rendered":"https:\/\/altitude-zero.fr\/?page_id=367"},"modified":"2024-03-22T09:43:46","modified_gmt":"2024-03-22T09:43:46","slug":"fusee","status":"publish","type":"page","link":"https:\/\/altitude-zero.fr\/?page_id=367","title":{"rendered":"Opal \u00d8"},"content":{"rendered":"\n<p class=\"has-normal-font-size\">Chantiers Navals du Nord et de la M\u00e9diterran\u00e9e (NORMED) <strong>Dunkerque<\/strong><\/p>\n\n\n\n<figure class=\"wp-block-image size-large\"><img loading=\"lazy\" decoding=\"async\" width=\"1019\" height=\"1024\" src=\"https:\/\/altitude-zero.fr\/wp-content\/uploads\/2024\/03\/2023-05-10-0011-1-1019x1024.jpg\" alt=\"\" class=\"wp-image-369\" srcset=\"https:\/\/altitude-zero.fr\/wp-content\/uploads\/2024\/03\/2023-05-10-0011-1-1019x1024.jpg 1019w, https:\/\/altitude-zero.fr\/wp-content\/uploads\/2024\/03\/2023-05-10-0011-1-298x300.jpg 298w, https:\/\/altitude-zero.fr\/wp-content\/uploads\/2024\/03\/2023-05-10-0011-1-150x150.jpg 150w, https:\/\/altitude-zero.fr\/wp-content\/uploads\/2024\/03\/2023-05-10-0011-1-768x772.jpg 768w, https:\/\/altitude-zero.fr\/wp-content\/uploads\/2024\/03\/2023-05-10-0011-1-1528x1536.jpg 1528w, https:\/\/altitude-zero.fr\/wp-content\/uploads\/2024\/03\/2023-05-10-0011-1-500x503.jpg 500w, https:\/\/altitude-zero.fr\/wp-content\/uploads\/2024\/03\/2023-05-10-0011-1-800x804.jpg 800w, https:\/\/altitude-zero.fr\/wp-content\/uploads\/2024\/03\/2023-05-10-0011-1-1280x1287.jpg 1280w, https:\/\/altitude-zero.fr\/wp-content\/uploads\/2024\/03\/2023-05-10-0011-1.jpg 1919w\" sizes=\"auto, (max-width: 1019px) 100vw, 1019px\" \/><\/figure>\n\n\n\n<p>Cr\u00e9ation et la destruction, l&#8217;aspiration et la limitation. Une m\u00e9ditation profonde sur l&#8217;ambition humaine, la  transformation, la qu\u00eate de sens et la possibilit\u00e9 de transcender notre  r\u00e9alit\u00e9 mat\u00e9rielle et quotidienne. Un puissant symbole de ce qui  est possible lorsque nous redirigeons nos ressources, nos \u00e9nergies et  nos aspirations de mani\u00e8re cr\u00e9ative et consciente.<\/p>\n\n\n<div class=\"wp-block-visual-portfolio\">\n<div class=\"vp-portfolio vp-uid-0da6a672 vp-id-Z24ndc\"\n\tdata-vp-layout=\"tiles\" data-vp-content-source=\"images\" data-vp-items-style=\"fade\" data-vp-items-click-action=\"popup_gallery\" data-vp-items-gap=\"15\" data-vp-items-gap-vertical=\"\" data-vp-pagination=\"load-more\" data-vp-next-page-url=\"\" data-vp-tiles-type=\"3|1,1|\" >\n\t<div class=\"vp-portfolio__preloader-wrap\">\n\t\t<div class=\"vp-portfolio__preloader\">\n\t\t\t<img decoding=\"async\" loading=\"eager\" src=\"https:\/\/altitude-zero.fr\/wp-content\/plugins\/visual-portfolio\/assets\/images\/logo-dark.svg\" alt=\"Visual Portfolio, Posts &amp; Image Gallery for WordPress\" width=\"20\" height=\"20\" data-skip-lazy>\n\t\t<\/div>\n\t<\/div>\n\t\t<div class=\"vp-portfolio__items-wrap\">\n\t\t\t\n<div class=\"vp-portfolio__items vp-portfolio__items-style-fade vp-portfolio__items-show-overlay-hover\">\n\n\t\t<div\t\tclass=\"vp-portfolio__item-wrap vp-portfolio__item-uid-ae379853\" data-vp-filter=\"\" \t\t>\n\t\t\t<template class=\"vp-portfolio__item-popup\" style=\"display: none\" data-vp-popup-img=\"https:\/\/altitude-zero.fr\/wp-content\/uploads\/2024\/03\/2023-04-06-0013.jpg\" data-vp-popup-img-srcset=\"https:\/\/altitude-zero.fr\/wp-content\/uploads\/2024\/03\/2023-04-06-0013.jpg 1920w, https:\/\/altitude-zero.fr\/wp-content\/uploads\/2024\/03\/2023-04-06-0013-300x202.jpg 300w, https:\/\/altitude-zero.fr\/wp-content\/uploads\/2024\/03\/2023-04-06-0013-1024x688.jpg 1024w, https:\/\/altitude-zero.fr\/wp-content\/uploads\/2024\/03\/2023-04-06-0013-768x516.jpg 768w, https:\/\/altitude-zero.fr\/wp-content\/uploads\/2024\/03\/2023-04-06-0013-1536x1032.jpg 1536w, https:\/\/altitude-zero.fr\/wp-content\/uploads\/2024\/03\/2023-04-06-0013-500x336.jpg 500w, https:\/\/altitude-zero.fr\/wp-content\/uploads\/2024\/03\/2023-04-06-0013-800x538.jpg 800w, https:\/\/altitude-zero.fr\/wp-content\/uploads\/2024\/03\/2023-04-06-0013-1280x860.jpg 1280w\" data-vp-popup-img-size=\"1920x1290\" data-vp-popup-md-img=\"https:\/\/altitude-zero.fr\/wp-content\/uploads\/2024\/03\/2023-04-06-0013-800x538.jpg\" data-vp-popup-md-img-size=\"800x538\" data-vp-popup-sm-img=\"https:\/\/altitude-zero.fr\/wp-content\/uploads\/2024\/03\/2023-04-06-0013-500x336.jpg\" data-vp-popup-sm-img-size=\"500x336\">\n\t\t\t<h3 class=\"vp-portfolio__item-popup-title\">Opal \u00d8<\/h3>\n\t\t<\/template>\n\t\t\t\t\t\t<figure class=\"vp-portfolio__item\">\n\t\t\t\t\n<div class=\"vp-portfolio__item-img-wrap\">\n\t<div class=\"vp-portfolio__item-img\">\n\t\t\t<a\n\t\thref=\"https:\/\/altitude-zero.fr\/wp-content\/uploads\/2024\/03\/2023-04-06-0013.jpg\"\n\t\t\t>\n\t\n\t\t<noscript><img loading=\"lazy\" decoding=\"async\" width=\"1920\" height=\"1290\" data-skip-lazy src=\"https:\/\/altitude-zero.fr\/wp-content\/uploads\/2024\/03\/2023-04-06-0013.jpg\" class=\"wp-image-390\" alt=\"\" srcset=\"https:\/\/altitude-zero.fr\/wp-content\/uploads\/2024\/03\/2023-04-06-0013.jpg 1920w, https:\/\/altitude-zero.fr\/wp-content\/uploads\/2024\/03\/2023-04-06-0013-300x202.jpg 300w, https:\/\/altitude-zero.fr\/wp-content\/uploads\/2024\/03\/2023-04-06-0013-1024x688.jpg 1024w, https:\/\/altitude-zero.fr\/wp-content\/uploads\/2024\/03\/2023-04-06-0013-768x516.jpg 768w, https:\/\/altitude-zero.fr\/wp-content\/uploads\/2024\/03\/2023-04-06-0013-1536x1032.jpg 1536w, https:\/\/altitude-zero.fr\/wp-content\/uploads\/2024\/03\/2023-04-06-0013-500x336.jpg 500w, https:\/\/altitude-zero.fr\/wp-content\/uploads\/2024\/03\/2023-04-06-0013-800x538.jpg 800w, https:\/\/altitude-zero.fr\/wp-content\/uploads\/2024\/03\/2023-04-06-0013-1280x860.jpg 1280w\" sizes=\"auto, (max-width: 1920px) 100vw, 1920px\" \/><\/noscript><img fetchpriority=\"high\" decoding=\"async\" width=\"1920\" height=\"1290\" src=\"https:\/\/altitude-zero.fr\/wp-content\/uploads\/2024\/03\/2023-04-06-0013.jpg\" class=\"wp-image-390 vp-lazyload\" alt srcset=\"data:image\/svg+xml;base64,PHN2ZyB3aWR0aD0iMTkyMCIgaGVpZ2h0PSIxMjkwIiB2aWV3Qm94PSIwIDAgMTkyMCAxMjkwIiBmaWxsPSJub25lIiB4bWxucz0iaHR0cDovL3d3dy53My5vcmcvMjAwMC9zdmciPjwvc3ZnPg==\" data-src=\"https:\/\/altitude-zero.fr\/wp-content\/uploads\/2024\/03\/2023-04-06-0013.jpg\" data-srcset=\"https:\/\/altitude-zero.fr\/wp-content\/uploads\/2024\/03\/2023-04-06-0013.jpg 1920w, https:\/\/altitude-zero.fr\/wp-content\/uploads\/2024\/03\/2023-04-06-0013-300x202.jpg 300w, https:\/\/altitude-zero.fr\/wp-content\/uploads\/2024\/03\/2023-04-06-0013-1024x688.jpg 1024w, https:\/\/altitude-zero.fr\/wp-content\/uploads\/2024\/03\/2023-04-06-0013-768x516.jpg 768w, https:\/\/altitude-zero.fr\/wp-content\/uploads\/2024\/03\/2023-04-06-0013-1536x1032.jpg 1536w, https:\/\/altitude-zero.fr\/wp-content\/uploads\/2024\/03\/2023-04-06-0013-500x336.jpg 500w, https:\/\/altitude-zero.fr\/wp-content\/uploads\/2024\/03\/2023-04-06-0013-800x538.jpg 800w, https:\/\/altitude-zero.fr\/wp-content\/uploads\/2024\/03\/2023-04-06-0013-1280x860.jpg 1280w\" data-sizes=\"auto\" loading=\"eager\">\n\t\t<\/a>\t<\/div>\n<\/div>\n\t<figcaption class=\"vp-portfolio__item-overlay vp-portfolio__item-overlay-text-align-center\">\n\t\t<div class=\"vp-portfolio__item-meta-wrap vp-portfolio__custom-scrollbar\">\n\t\t\t\t<a\n\t\thref=\"https:\/\/altitude-zero.fr\/wp-content\/uploads\/2024\/03\/2023-04-06-0013.jpg\"\n\t\ttabindex=\"-1\" class=\"vp-portfolio__item-meta\" \t>\n\t\n<h2 class=\"vp-portfolio__item-meta-title\">\n\tOpal \u00d8<\/h2>\n<\/a>\t\t<\/div>\n\t<\/figcaption>\n\t\t\t<\/figure>\n\t\t\t\t\t<\/div>\n\t\t\n\t\t<div\t\tclass=\"vp-portfolio__item-wrap vp-portfolio__item-uid-618ccfa0\" data-vp-filter=\"\" \t\t>\n\t\t\t<template class=\"vp-portfolio__item-popup\" style=\"display: none\" data-vp-popup-img=\"https:\/\/altitude-zero.fr\/wp-content\/uploads\/2024\/03\/2023-04-06-0012.jpg\" data-vp-popup-img-srcset=\"https:\/\/altitude-zero.fr\/wp-content\/uploads\/2024\/03\/2023-04-06-0012.jpg 1919w, https:\/\/altitude-zero.fr\/wp-content\/uploads\/2024\/03\/2023-04-06-0012-300x202.jpg 300w, https:\/\/altitude-zero.fr\/wp-content\/uploads\/2024\/03\/2023-04-06-0012-1024x690.jpg 1024w, https:\/\/altitude-zero.fr\/wp-content\/uploads\/2024\/03\/2023-04-06-0012-768x518.jpg 768w, https:\/\/altitude-zero.fr\/wp-content\/uploads\/2024\/03\/2023-04-06-0012-1536x1036.jpg 1536w, https:\/\/altitude-zero.fr\/wp-content\/uploads\/2024\/03\/2023-04-06-0012-500x337.jpg 500w, https:\/\/altitude-zero.fr\/wp-content\/uploads\/2024\/03\/2023-04-06-0012-800x539.jpg 800w, https:\/\/altitude-zero.fr\/wp-content\/uploads\/2024\/03\/2023-04-06-0012-1280x863.jpg 1280w\" data-vp-popup-img-size=\"1919x1294\" data-vp-popup-md-img=\"https:\/\/altitude-zero.fr\/wp-content\/uploads\/2024\/03\/2023-04-06-0012-800x539.jpg\" data-vp-popup-md-img-size=\"800x539\" data-vp-popup-sm-img=\"https:\/\/altitude-zero.fr\/wp-content\/uploads\/2024\/03\/2023-04-06-0012-500x337.jpg\" data-vp-popup-sm-img-size=\"500x337\">\n\t\t\t<h3 class=\"vp-portfolio__item-popup-title\">Opal \u00d8<\/h3>\n\t\t<\/template>\n\t\t\t\t\t\t<figure class=\"vp-portfolio__item\">\n\t\t\t\t\n<div class=\"vp-portfolio__item-img-wrap\">\n\t<div class=\"vp-portfolio__item-img\">\n\t\t\t<a\n\t\thref=\"https:\/\/altitude-zero.fr\/wp-content\/uploads\/2024\/03\/2023-04-06-0012.jpg\"\n\t\t\t>\n\t\n\t\t<noscript><img loading=\"lazy\" decoding=\"async\" width=\"1919\" height=\"1294\" data-skip-lazy src=\"https:\/\/altitude-zero.fr\/wp-content\/uploads\/2024\/03\/2023-04-06-0012.jpg\" class=\"wp-image-391\" alt=\"\" srcset=\"https:\/\/altitude-zero.fr\/wp-content\/uploads\/2024\/03\/2023-04-06-0012.jpg 1919w, https:\/\/altitude-zero.fr\/wp-content\/uploads\/2024\/03\/2023-04-06-0012-300x202.jpg 300w, https:\/\/altitude-zero.fr\/wp-content\/uploads\/2024\/03\/2023-04-06-0012-1024x690.jpg 1024w, https:\/\/altitude-zero.fr\/wp-content\/uploads\/2024\/03\/2023-04-06-0012-768x518.jpg 768w, https:\/\/altitude-zero.fr\/wp-content\/uploads\/2024\/03\/2023-04-06-0012-1536x1036.jpg 1536w, https:\/\/altitude-zero.fr\/wp-content\/uploads\/2024\/03\/2023-04-06-0012-500x337.jpg 500w, https:\/\/altitude-zero.fr\/wp-content\/uploads\/2024\/03\/2023-04-06-0012-800x539.jpg 800w, https:\/\/altitude-zero.fr\/wp-content\/uploads\/2024\/03\/2023-04-06-0012-1280x863.jpg 1280w\" sizes=\"auto, (max-width: 1919px) 100vw, 1919px\" \/><\/noscript><img decoding=\"async\" width=\"1919\" height=\"1294\" src=\"https:\/\/altitude-zero.fr\/wp-content\/uploads\/2024\/03\/2023-04-06-0012.jpg\" class=\"wp-image-391 vp-lazyload\" alt srcset=\"data:image\/svg+xml;base64,PHN2ZyB3aWR0aD0iMTkxOSIgaGVpZ2h0PSIxMjk0IiB2aWV3Qm94PSIwIDAgMTkxOSAxMjk0IiBmaWxsPSJub25lIiB4bWxucz0iaHR0cDovL3d3dy53My5vcmcvMjAwMC9zdmciPjwvc3ZnPg==\" data-src=\"https:\/\/altitude-zero.fr\/wp-content\/uploads\/2024\/03\/2023-04-06-0012.jpg\" data-srcset=\"https:\/\/altitude-zero.fr\/wp-content\/uploads\/2024\/03\/2023-04-06-0012.jpg 1919w, https:\/\/altitude-zero.fr\/wp-content\/uploads\/2024\/03\/2023-04-06-0012-300x202.jpg 300w, https:\/\/altitude-zero.fr\/wp-content\/uploads\/2024\/03\/2023-04-06-0012-1024x690.jpg 1024w, https:\/\/altitude-zero.fr\/wp-content\/uploads\/2024\/03\/2023-04-06-0012-768x518.jpg 768w, https:\/\/altitude-zero.fr\/wp-content\/uploads\/2024\/03\/2023-04-06-0012-1536x1036.jpg 1536w, https:\/\/altitude-zero.fr\/wp-content\/uploads\/2024\/03\/2023-04-06-0012-500x337.jpg 500w, https:\/\/altitude-zero.fr\/wp-content\/uploads\/2024\/03\/2023-04-06-0012-800x539.jpg 800w, https:\/\/altitude-zero.fr\/wp-content\/uploads\/2024\/03\/2023-04-06-0012-1280x863.jpg 1280w\" data-sizes=\"auto\" loading=\"eager\">\n\t\t<\/a>\t<\/div>\n<\/div>\n\t<figcaption class=\"vp-portfolio__item-overlay vp-portfolio__item-overlay-text-align-center\">\n\t\t<div class=\"vp-portfolio__item-meta-wrap vp-portfolio__custom-scrollbar\">\n\t\t\t\t<a\n\t\thref=\"https:\/\/altitude-zero.fr\/wp-content\/uploads\/2024\/03\/2023-04-06-0012.jpg\"\n\t\ttabindex=\"-1\" class=\"vp-portfolio__item-meta\" \t>\n\t\n<h2 class=\"vp-portfolio__item-meta-title\">\n\tOpal \u00d8<\/h2>\n<\/a>\t\t<\/div>\n\t<\/figcaption>\n\t\t\t<\/figure>\n\t\t\t\t\t<\/div>\n\t\t\n\t\t<div\t\tclass=\"vp-portfolio__item-wrap vp-portfolio__item-uid-ea3031f4\" data-vp-filter=\"\" \t\t>\n\t\t\t<template class=\"vp-portfolio__item-popup\" style=\"display: none\" data-vp-popup-img=\"https:\/\/altitude-zero.fr\/wp-content\/uploads\/2024\/03\/2023-04-06-0002.jpg\" data-vp-popup-img-srcset=\"https:\/\/altitude-zero.fr\/wp-content\/uploads\/2024\/03\/2023-04-06-0002.jpg 1920w, https:\/\/altitude-zero.fr\/wp-content\/uploads\/2024\/03\/2023-04-06-0002-300x201.jpg 300w, https:\/\/altitude-zero.fr\/wp-content\/uploads\/2024\/03\/2023-04-06-0002-1024x686.jpg 1024w, https:\/\/altitude-zero.fr\/wp-content\/uploads\/2024\/03\/2023-04-06-0002-768x515.jpg 768w, https:\/\/altitude-zero.fr\/wp-content\/uploads\/2024\/03\/2023-04-06-0002-1536x1030.jpg 1536w, https:\/\/altitude-zero.fr\/wp-content\/uploads\/2024\/03\/2023-04-06-0002-500x335.jpg 500w, https:\/\/altitude-zero.fr\/wp-content\/uploads\/2024\/03\/2023-04-06-0002-800x536.jpg 800w, https:\/\/altitude-zero.fr\/wp-content\/uploads\/2024\/03\/2023-04-06-0002-1280x858.jpg 1280w\" data-vp-popup-img-size=\"1920x1287\" data-vp-popup-md-img=\"https:\/\/altitude-zero.fr\/wp-content\/uploads\/2024\/03\/2023-04-06-0002-800x536.jpg\" data-vp-popup-md-img-size=\"800x536\" data-vp-popup-sm-img=\"https:\/\/altitude-zero.fr\/wp-content\/uploads\/2024\/03\/2023-04-06-0002-500x335.jpg\" data-vp-popup-sm-img-size=\"500x335\">\n\t\t\t<h3 class=\"vp-portfolio__item-popup-title\">Opal \u00d8<\/h3>\n\t\t<\/template>\n\t\t\t\t\t\t<figure class=\"vp-portfolio__item\">\n\t\t\t\t\n<div class=\"vp-portfolio__item-img-wrap\">\n\t<div class=\"vp-portfolio__item-img\">\n\t\t\t<a\n\t\thref=\"https:\/\/altitude-zero.fr\/wp-content\/uploads\/2024\/03\/2023-04-06-0002.jpg\"\n\t\t\t>\n\t\n\t\t<noscript><img loading=\"lazy\" decoding=\"async\" width=\"1920\" height=\"1287\" data-skip-lazy src=\"https:\/\/altitude-zero.fr\/wp-content\/uploads\/2024\/03\/2023-04-06-0002.jpg\" class=\"wp-image-392\" alt=\"\" srcset=\"https:\/\/altitude-zero.fr\/wp-content\/uploads\/2024\/03\/2023-04-06-0002.jpg 1920w, https:\/\/altitude-zero.fr\/wp-content\/uploads\/2024\/03\/2023-04-06-0002-300x201.jpg 300w, https:\/\/altitude-zero.fr\/wp-content\/uploads\/2024\/03\/2023-04-06-0002-1024x686.jpg 1024w, https:\/\/altitude-zero.fr\/wp-content\/uploads\/2024\/03\/2023-04-06-0002-768x515.jpg 768w, https:\/\/altitude-zero.fr\/wp-content\/uploads\/2024\/03\/2023-04-06-0002-1536x1030.jpg 1536w, https:\/\/altitude-zero.fr\/wp-content\/uploads\/2024\/03\/2023-04-06-0002-500x335.jpg 500w, https:\/\/altitude-zero.fr\/wp-content\/uploads\/2024\/03\/2023-04-06-0002-800x536.jpg 800w, https:\/\/altitude-zero.fr\/wp-content\/uploads\/2024\/03\/2023-04-06-0002-1280x858.jpg 1280w\" sizes=\"auto, (max-width: 1920px) 100vw, 1920px\" \/><\/noscript><img decoding=\"async\" width=\"1920\" height=\"1287\" src=\"https:\/\/altitude-zero.fr\/wp-content\/uploads\/2024\/03\/2023-04-06-0002.jpg\" class=\"wp-image-392 vp-lazyload\" alt srcset=\"data:image\/svg+xml;base64,PHN2ZyB3aWR0aD0iMTkyMCIgaGVpZ2h0PSIxMjg3IiB2aWV3Qm94PSIwIDAgMTkyMCAxMjg3IiBmaWxsPSJub25lIiB4bWxucz0iaHR0cDovL3d3dy53My5vcmcvMjAwMC9zdmciPjwvc3ZnPg==\" data-src=\"https:\/\/altitude-zero.fr\/wp-content\/uploads\/2024\/03\/2023-04-06-0002.jpg\" data-srcset=\"https:\/\/altitude-zero.fr\/wp-content\/uploads\/2024\/03\/2023-04-06-0002.jpg 1920w, https:\/\/altitude-zero.fr\/wp-content\/uploads\/2024\/03\/2023-04-06-0002-300x201.jpg 300w, https:\/\/altitude-zero.fr\/wp-content\/uploads\/2024\/03\/2023-04-06-0002-1024x686.jpg 1024w, https:\/\/altitude-zero.fr\/wp-content\/uploads\/2024\/03\/2023-04-06-0002-768x515.jpg 768w, https:\/\/altitude-zero.fr\/wp-content\/uploads\/2024\/03\/2023-04-06-0002-1536x1030.jpg 1536w, https:\/\/altitude-zero.fr\/wp-content\/uploads\/2024\/03\/2023-04-06-0002-500x335.jpg 500w, https:\/\/altitude-zero.fr\/wp-content\/uploads\/2024\/03\/2023-04-06-0002-800x536.jpg 800w, https:\/\/altitude-zero.fr\/wp-content\/uploads\/2024\/03\/2023-04-06-0002-1280x858.jpg 1280w\" data-sizes=\"auto\" loading=\"eager\">\n\t\t<\/a>\t<\/div>\n<\/div>\n\t<figcaption class=\"vp-portfolio__item-overlay vp-portfolio__item-overlay-text-align-center\">\n\t\t<div class=\"vp-portfolio__item-meta-wrap vp-portfolio__custom-scrollbar\">\n\t\t\t\t<a\n\t\thref=\"https:\/\/altitude-zero.fr\/wp-content\/uploads\/2024\/03\/2023-04-06-0002.jpg\"\n\t\ttabindex=\"-1\" class=\"vp-portfolio__item-meta\" \t>\n\t\n<h2 class=\"vp-portfolio__item-meta-title\">\n\tOpal \u00d8<\/h2>\n<\/a>\t\t<\/div>\n\t<\/figcaption>\n\t\t\t<\/figure>\n\t\t\t\t\t<\/div>\n\t\t\n<\/div>\n\t\t<\/div>\n\t\t\n<\/div>\n<\/div>","protected":false},"excerpt":{"rendered":"<p>Chantiers Navals du Nord et de la M\u00e9diterran\u00e9e (NORMED) Dunkerque Cr\u00e9ation et la destruction, l&#8217;aspiration et la limitation. Une m\u00e9ditation<\/p>\n<p><a href=\"https:\/\/altitude-zero.fr\/?page_id=367\" class=\"more-link\">Continue reading<span class=\"screen-reader-text\">Opal \u00d8<\/span><\/a><\/p>\n","protected":false},"author":1,"featured_media":0,"parent":0,"menu_order":0,"comment_status":"closed","ping_status":"closed","template":"","meta":{"_vp_format_video_url":"","_vp_image_focal_point":[],"footnotes":""},"class_list":["post-367","page","type-page","status-publish","hentry"],"_links":{"self":[{"href":"https:\/\/altitude-zero.fr\/index.php?rest_route=\/wp\/v2\/pages\/367","targetHints":{"allow":["GET"]}}],"collection":[{"href":"https:\/\/altitude-zero.fr\/index.php?rest_route=\/wp\/v2\/pages"}],"about":[{"href":"https:\/\/altitude-zero.fr\/index.php?rest_route=\/wp\/v2\/types\/page"}],"author":[{"embeddable":true,"href":"https:\/\/altitude-zero.fr\/index.php?rest_route=\/wp\/v2\/users\/1"}],"replies":[{"embeddable":true,"href":"https:\/\/altitude-zero.fr\/index.php?rest_route=%2Fwp%2Fv2%2Fcomments&post=367"}],"version-history":[{"count":11,"href":"https:\/\/altitude-zero.fr\/index.php?rest_route=\/wp\/v2\/pages\/367\/revisions"}],"predecessor-version":[{"id":447,"href":"https:\/\/altitude-zero.fr\/index.php?rest_route=\/wp\/v2\/pages\/367\/revisions\/447"}],"wp:attachment":[{"href":"https:\/\/altitude-zero.fr\/index.php?rest_route=%2Fwp%2Fv2%2Fmedia&parent=367"}],"curies":[{"name":"wp","href":"https:\/\/api.w.org\/{rel}","templated":true}]}}